 143?
68
What is the remainder when 226501350 is divided by 8?
6
What is the remainder when 41094 is divided by 40184?
910
Calculate the remainder when 21170212 is divided by 569.
567
What is the remainder when 6605917 is divided by 13?
6
What is the remainder when 94050 is divided by 4260?
330
What is the remainder when 5525567 is divided by 22?
3
Calculate the remainder when 218799500 is divided by 5638.
5634
What is the remainder when 29217403 is divided by 528?
523
What is the remainder when 118106 is divided by 39349?
59
Calculate the remainder when 9523738 is divided by 78.
16
Calculate the remainder when 413508 is divided by 676.
472
Calculate the remainder when 9940772 is divided by 102.
56
What is the remainder when 369733955 is divided by 18?
5
What is the remainder when 430584 is divided by 404?
324
Calculate the remainder when 182887 is divided by 2420.
1387
What is the remainder when 4146996 is divided by 520?
516
Calculate the remainder when 509596 is divided by 457.
41
What is the remainder when 156821 is divided by 30640?
3621
What is the remainder when 2607953 is divided by 76?
13
Calculate the remainder when 569530 is divided by 523.
506
Calculate the remainder when 142655 is divided by 662.
325
What is the remainder when 4819214 is divided by 19200?
14
What is the remainder when 43954222 is divided by 64?
46
What is the remainder when 12142079 is divided by 2720?
2719
What is the remainder when 27846129 is divided by 1237?
22
Calculate the remainder when 279242 is divided by 9.
8
What is the remainder when 25053942 is divided by 623?
620
Calculate the remainder when 147055 is divided by 20.
15
Calculate the remainder when 14062 is divided by 6958.
146
What is the remainder when 1513858 is divided by 93?
4
What is the remainder when 259306 is divided by 4334?
3600
Calculate the remainder when 49959504 is divided by 129.
126
What is the remainder when 9354680 is divided by 372?
368
Calculate the remainder when 94381285 is divided by 134255.
20
Calculate the remainder when 1831882 is divided by 1624.
10
Calculate the remainder when 2900185 is divided by 266.
253
What is the remainder when 3159691 is divided by 225689?
45
Calculate the remainder when 107389 is divided by 938.
457
Calculate the remainder when 1461121 is divided by 13407.
13165
Calculate the remainder when 40652543 is divided by 398.
27
What is the remainder when 835621 is divided by 1095?
136
Calculate the remainder when 148959 is divided by 1341.
108
Calculate the remainder when 3289595 is divided by 100.
95
Calculate the remainder when 116434 is divided by 7761.
19
Calculate the remainder when 29587395 is divided by 2689761.
24
Calculate the remainder when 1083660432 is divided by 611.
608
Calculate the remainder when 4326737 is divided by 540840.
17
Calculate the remainder when 1940788 is divided by 957.
949
Calculate the remainder when 150356 is divided by 71895.
6566
What is the remainder when 691109 is divided by 301?
13
What is the remainder when 63209573 is divided by 28?
21
Calculate the remainder when 41902 is divided by 522.
142
Calculate the remainder when 450587 is divided by 17.
2
What is the remainder when 5320 is divided by 4048?
1272
What is the remainder when 13681232 is divided by 32?
16
Calculate the remainder when 6219190 is divided by 2990.
2980
What is the remainder when 1710339 is divided by 8509?
30
Calculate the remainder when 9595 is divided by 3167.
94
Calculate the remainder when 1912000 is divided by 133.
125
Calculate the remainder when 228847 is divided by 173.
141
What is the remainder when 50627748 is divided by 10125543?
33
Calculate the remainder when 505104 is divided by 5.
4
Calculate the remainder when 2046393 is divided by 204638.
13
Calculate the remainder when 975095 is divided by 3498.
2651
Calculate the remainder when 55386 is divided by 2373.
807
Calculate the remainder when 174640 is divided by 55980.
6700
Calculate the remainder when 660175 is divided by 3662.
1015
Calculate the remainder when 803897 is divided by 156.
29
What is the remainder when 60753 is divided by 20136?
345
Calculate the remainder when 8177674 is divided by 8177656.
18
What is the remainder when 103392 is divided by 4487?
191
Calculate the remainder when 311157 is divided by 103569.
450
What is the remainder when 62711746 is divided by 31355869?
8
Calculate the remainder when 20165719 is divided by 9.
4
What is the remainder when 761224 is divided by 877?
865
What is the remainder when 3442858 is divided by 382538?
16
What is the remainder when 89892218 is divided by 220?
218
Calculate the remainder when 439152 is divided by 4666.
548
Calculate the remainder when 72526075 is divided by 680.
675
What is the remainder when 12072898 is divided by 70?
68
Calculate the remainder when 1827852 is divided by 151.
148
What is the remainder when 42845842 is divided by 8416?
8402
Calculate the remainder when 36628225 is divided by 4277.
4274
What is the remainder when 14715421 is divided by 19?
16
Calculate the remainder when 5427134 is divided by 352.
350
What is the remainder when 281437 is divided by 2039?
55
What is the remainder when 8522 is divided by 6281?
2241
Calculate the remainder when 5545695 is divided by 1076.
1067
Calculate the remainder when 12358126 is divided by 17.
10
Calculate the remainder when 4468365 is divided by 649.
0
Calculate the remainder when 870452 is divided by 79045.
957
Calculate the remainder when 10321665 is divided by 3574.
3527
Calculate the remainder when 367400 is divided by 220.
0
What is the remainder when 24417878 is divided by 153?
149
What is the remainder when 197717 is divided by 98842?
33
Calculate the remainder when 1161180 is divided by 2246.
2244
What is the remainder when 1221893 is divided by 140?
113
Calculate the remainder when 6544550 is divided by 76.
38
Calculate the remainder when 2275530 is divided by 325045.
215
What is the remainder when 48658 is divided by 16076?
430
Calculate the remainder when 16766 is divided by 1772.
818
What is the remainder when 2627187 is divided by 5223?
18
What is the remainder when 1927729 is divided by 155?
149
Calculate the remainder when 620227465 is divided by 239.
238
Calculate the remainder when 1643035 is divided by 17295.
10
What is the remainder when 4406024 is divided by 169462?
12
Calculate the remainder when 1993457 is divided by 153327.
206
Calculate the remainder when 3284907 is divided by 547460.
147
Calculate the remainder when 6805306 is divided by 91962.
118
Calculate the remainder when 265397513 is divided by 2517.
2516
What is the remainder when 236859 is divided by 130?
129
Calculate the remainder when 2604612 is divided by 555.
552
What is the remainder when 1280137 is divided by 96?
73
What is the remainder when 645533 is divided by 1536?
413
Calculate the remainder when 1472439 is divided by 262.
261
What is the remainder when 10666 is divided by 1456?
474
What is the remainder when 78679366 is divided by 1899?
1897
What is the remainder when 56374230 is divided by 45870?
0
Calculate the remainder when 103000942 is divided by 325.
317
What is the remainder when 340062 is divided by 549?
231
Calculate the remainder when 144296 is divided by 47997.
305
What is the remainder when 3391576 is divided by 460?
456
What is the remainder when 240616 is divided by 28830?
9976
Calculate the remainder when 7113454 is divided by 21.
19
Calculate the remainder when 88459720 is divided by 2023.
2022
Calculate the remainder when 645977 is divided by 129135.
302
Calculate the remainder when 39918625 is divided by 227.
221
What is the remainder when 414809 is divided by 416?
57
Calculate the remainder when 682951 is divided by 692.
639
What is the remainder when 180204 is divided by 58244?
5472
Calculate the remainder when 101024 is divided by 50255.
514
Calculate the remainder when 63645 is divided by 12728.
5
What is the remainder when 493481 is divided by 50?
31
Calculate the remainder when 19982098 is divided by 1165.
18
Calculate the remainder when 19757636 is divided by 2020.
16
Calculate the remainder when 23381 is divided by 23135.
246
What is the remainder when 86974 is divided by 16330?
5324
What is the remainder when 256071 is divided by 10824?
7